ose -2*q - z + 22 = 0, 14 = q + 3*z - 4*z. List the prime factors of (-569)/(-7) - q/42.
3
Suppose 4*k - 384 = -4*r, 0 = -4*k + 2*k + 3*r + 187. Let n = k - 93. List the prime factors of n.
2
Let a = 40 + -34. Let i(m) = 13*m + 1. What are the prime factors of i(a)?
79
Let k = -1586 - -3299. List the prime factors of k.
3, 571
Let l = 908 - 406. List the prime factors of l.
2, 251
List the prime factors of (309/(-6))/((-2)/4).
103
Suppose 0 = -3*l - 4*g + 1423 - 76, 2*g - 1347 = -3*l. Suppose l = 4*i + 129. What are the prime factors of i?
2, 5
Suppose -10*x = 16*x - 26. Suppose -q + 1 + 1 = 0. Suppose -o - q*i + 16 = -5*i, i = -x. List the prime factors of o.
13
Let k(r) = -r**3 - 8*r**2 + r - 1. Let a be (-12)/15 - (-155)/(-25). Let l be k(a). Let t = l - -112. List the prime factors of t.
5, 11
Suppose -5*z - 4 + 14 = 0. Suppose -z*d - j + 142 = 7, -j + 5 = 0. What are the prime factors of d?
5, 13
Suppose 16*a - 6519 = 5033. List the prime factors of a.
2, 19
Suppose 3*b - 246 = 3*f, 9 = -3*b + f + 245. Suppose -1 = x, 4*n + 138 + 12 = 2*x. Let r = n + b. What are the prime factors of r?
3, 13
Suppose -3*q + 5*q = 4*f - 40, -2*q + f = 25. Let s be q/15 + (-57)/9. What are the prime factors of ((-54)/s)/(12/56)?
2, 3
Let d be (4 + -6)/2 - (0 - 0). Let s(v) = 146*v**2 - v. What are the prime factors of s(d)?
3, 7
Suppose -126*t + 126 = -120*t. Let q = 8 + t. List the prime factors of q.
29
Suppose -8*t = -11*t - 5*i + 4076, 5*i - 20 = 0. List the prime factors of t.
2, 13
Suppose 0 = -4*y - 5 + 13. Let b(o) = -1 - 2 + 2*o - 9*o - 4*o + o**y. What are the prime factors of b(12)?
3
Suppose 0 = u + 6*t - 11*t - 82, -3*u + 189 = 4*t. Let f = -28 + u. List the prime factors of f.
3, 13
Let f = -42 - -93. Let h = 77 - f. Let u = 58 - h. What are the prime factors of u?
2
Let z be 7 - ((-9)/(-3) + 0). Suppose 2*v + 26 = 5*s, -3*s + z*v - 4 + 14 = 0. Suppose 35 = s*a - a. What are the prime factors of a?
7
Suppose 0 = -3*h + m + 1937, 0*h + 3*h - 1942 = -4*m. List the prime factors of h.
2, 17, 19
Let d be (-30)/9*3/(-2). Suppose -9*u = -d*u. Suppose u = o - 5*q - 0*q - 40, -2*o + 4*q + 80 = 0. List the prime factors of o.
2, 5
Let k(o) = 6*o**2 + 30*o - 31. What are the prime factors of k(-14)?
5, 29
Let h = -173 + 572. List the prime factors of h.
3, 7, 19
List the prime factors of (-394752)/(-152) + 10/(-190).
7, 53
Let z = -10 - -30. Suppose -6*l = -128 + z. What are the prime factors of l?
2, 3
Let m be 5 + -2 + (3 - 60). Let v = m - -127. What are the prime factors of v?
73
Let t be (-1012)/(-14) + 4/(-14). Let g = 92 - 90. Suppose -g*x = -4*x + t. List the prime factors of x.
2, 3
Suppose -3*q + 2*t + 3*t = -3657, -5*t - 4871 = -4*q. What are the prime factors of q?
2, 607
Suppose -l = -2*l. Suppose 5*q = -5*u + 1140, -2*q + 441 = -l*q - 3*u. List the prime factors of q.
3, 5
Let j(p) = 1 - 2*p + 14*p - 2*p. Suppose -5*u - 8 = -13. What are the prime factors of j(u)?
11
Suppose -4*o - 2*i + 9 = 1, i + 4 = 0. Let d(n) = -2*n**2 + n. Let t(c) = -6*c**2 + 2*c + 5. Let s(h) = 2*d(h) - t(h). List the prime factors of s(o).
3
Let c = 13 - 8. Let l(d) = 21*d - 31. Let j be l(5). Suppose -c*u - 9 = -j. List the prime factors of u.
13
Suppose 6 = 5*n - 9. Suppose 2*a = -s - s + 180, a - 5*s - 108 = 0. Suppose -2*z - n*w + a = 1, -4*z + 3*w = -166. What are the prime factors of z?
43
Let v = 174 + -171. Let c(p) = 4*p**2 + 3. Let r be c(3). Suppose -v*h + 183 = r. What are the prime factors of h?
2, 3
Let v(c) be the third derivative of -c**6/720 + 11*c**5/60 + c**4/6 - 3*c**2. Let q(f) be the second derivative of v(f). List the prime factors of q(9).
13
Suppose 5*g = 4*g + 4. Suppose 3*j + g*y = 12 - 0, 0 = -2*j + 2*y - 6. Suppose j = -7*k + 3*k + 92. What are the prime factors of k?
23
Let i = 75 - 73. Suppose 0 = 2*f - i*b - b - 17, 0 = 5*f + 5*b - 30. List the prime factors of f.
7
Let q(y) = y**3 - y**2 - 6*y + 3. Let j be q(3). List the prime factors of 106 + 14/21 + (-2)/j.
2, 53
Let a(y) be the third derivative of -y**4/4 + 59*y**3/2 + 3*y**2 - 3*y. List the prime factors of a(0).
3, 59
Let l(q) be the first derivative of 3*q**2/2 + 15*q + 3. Let g be l(-7). Let v = g - -36. What are the prime factors of v?
2, 3, 5
What are the prime factors of -7 + 4 + 555 + 7?
13, 43
Let r = -186 + 354. Let k = r + 68. What are the prime factors of k?
2, 59
Let o = 1202 + -31. What are the prime factors of o?
1171
Let p be 10/((-6)/(-3)) + 0. Suppose -p*z + 0*z = -15. Suppose -z*o - 2 = -8. List the prime factors of o.
2
Let s(d) = 19*d**2 + 28*d + 2. What are the prime factors of s(-7)?
11, 67
Suppose 160 = 5*h - 0*h. Let j be -2*3/2 - h. Let y = -3 - j. What are the prime factors of y?
2
Let h = 129 - 96. Suppose -q = -i + 111, -2*i + q + 259 = h. List the prime factors of i.
5, 23
Let m = -672 - -1389. List the prime factors of m.
3, 239
Let b be 8*2/(-16)*-4. Let u(j) = 2*j**2 + j - 2. List the prime factors of u(b).
2, 17
Let w = 137 - -144. What are the prime factors of w?
281
Let z = -6 + -48. Let l = z + 170. What are the prime factors of l?
2, 29
Suppose -2*m + 2 = -8. Suppose -a = -88 + m. What are the prime factors of a?
83
Suppose -3*o = -3*t + 1617, -4*o = 4*t + 148 - 2288. List the prime factors of t.
3, 179
Suppose 4*p - 204 = 2*c, -4*c = -p + 23 + 21. List the prime factors of p.
2, 13
Suppose -26 - 54 = -5*n. Suppose -2*c - 16 = n. Let r = 1 - c. List the prime factors of r.
17
Let c = 717 + 2249. What are the prime factors of c?
2, 1483
Suppose -4*w - 831 = -2779. What are the prime factors of w?
487
Let x(v) = -v**2 - 2*v - 2. Let k(y) = y**2 + y + 1. Let l(h) = 4*k(h) + 2*x(h). Let a be l(-2). Suppose -u - 350 = -a*u. List the prime factors of u.
2, 5
Let l(f) = f + 11. Let g be l(-9). Suppose -g*v + 7*v = 285. List the prime factors of v.
3, 19
Suppose -3*l - 2 + 2 = 0. Let m(j) = 2*j**3 - j**2 - 2*j + 213. List the prime factors of m(l).
3, 71
Let h(v) = 2*v**2 + 3*v - 3*v - 2*v - 3. Suppose 0 = -k + 2 + 1. List the prime factors of h(k).
3
Suppose -426 = 4*h + x + x, -x - 525 = 5*h. Let q = 166 + h. Let r = q + -33. What are the prime factors of r?
29
Let v = -580 - -813. List the prime factors of v.
233
Suppose -3*l - 4*y = -8*l + 52, -y + 13 = 2*l. Suppose -l = -3*g + 31. List the prime factors of g.
13
Suppose -3*o - 2*d - 1249 = 0, 2*o + 2*o + 1666 = -3*d. Let s = 660 + o. Suppose 0 = f - 6*f + s. List the prime factors of f.
7
Let y(z) = -4*z**2 - 101*z - 23. What are the prime factors of y(-20)?
397
Let h = -135 + 94. List the prime factors of ((-12)/(-9) + -2)*(h + -1).
2, 7
Suppose 3*g + 5*p - 680 = 750, 3*p = -4*g + 1925. List the prime factors of g.
5, 97
Suppose -927 = 5*b + 3*n - 8161, -1458 = -b + 5*n. What are the prime factors of b?
2, 181
Let f(m) = 35*m + 21. Let a be f(-17). Let w be (-14)/91 - a/13. Let t = w - 9. List the prime factors of t.
5, 7
Suppose -2*l + 0*v = 3*v - 27, 5*l = 3*v + 15. Suppose l*d - 5*d = 111. List the prime factors of d.
3, 37
Suppose -13*n - 3*a - 5408 = -17*n, 0 = 5*n + 5*a - 6760. List the prime factors of n.
2, 13
Let p(u) = -2539*u**3 + 4*u**2 - 10*u - 12. What are the prime factors of p(-1)?
3, 7, 11
Suppose 0 = 2*p + 3*p - 15. What are the prime factors of (-435)/(-12) - p/(-4)?
37
What are the prime factors of 5187/7 + -3 + 2?
2, 5, 37
Suppose 0 = -3*s - j + 15, 4*s - 4*j + 0*j = 20. Suppose -5*v = s*g - 402 - 273, 5*g = -2*v + 681. What are the prime factors of g?
137
Suppose 0 = n - 43 + 185. Let s = n + 290. List the prime factors of s.
2, 37
Suppose 3525 = -25*z + 15500. What are the prime factors of z?
479
Let k be 24/15 + 4/10. Let d be 3 + 194 - 7/((-21)/(-6)). Suppose 4*y = 5*l - d, k*l - 155 = -2*l + 3*y. List the prime factors of l.
5, 7
Let h(i) be the second derivative of 5*i**4/12 + i**3/6 - 2*i. Suppose -2*o = 3 - 1. What are the prime factors of h(o)?
2
Let t = 4452 - 3178. Suppose 14 - t = -5*s. List the prime factors of s.
2, 3, 7
Let h = -39 + 18. Let c be ((-2)/3)/(1/h). What are the prime factors of (-2)/(-1) + c - 1?
3, 5
Let s = 13 + -13. Suppose s = 2*v + 2*v - 140. Suppose -v + 88 = k. What are the prime factors of k?
53
Let w = -74 + 78. Let p(m) = 12*m**2 + 2*m + 2. What are the prime factors of p(w)?
2, 101
Let m be (3/(-6))/((-5)/20). Let w be (-366)/9